eatest common factor of f and 5?
5
Suppose 32 = -3*z + 4*f + f, -f + 46 = -5*z. Let r = 1 - z. Suppose 0 = -4*h + 3*u + r, -h - 3 = 2*h + 3*u. What is the highest common factor of h and 7?
1
Suppose -5*q = -q - 56. Let k be (-2 - -4) + 66 - -2. What is the greatest common factor of k and q?
14
Let o(g) = -6*g**3 - g**2 - 2*g - 1. Let n(b) = b**2 + 7*b - 9. Let v be n(-8). Let s be o(v). What is the highest common factor of s and 42?
6
Let m be -1*2 - (-3 + 2). Let g = 5 + m. Calculate the highest common factor of g and 4.
4
Let q(a) = a + 9. Suppose -3*t - 10 = t + 5*u, 3*t + 5*u = -5. Let g be q(t). Suppose 3*r + r - g = 0. What is the highest common divisor of 4 and r?
1
Suppose 0 = -s + 5*v - 10*v - 5, -1 = 4*s + v. Suppose 3*j + s - 15 = 0. Let n be (-5)/6*4*-9. Calculate the greatest common factor of j and n.
5
Let n(m) = -m**2 + 14*m + 2. Let t be n(6). Let k(d) = -7*d + 66. Let a be k(8). Calculate the greatest common divisor of t and a.
10
Let u(n) = 3*n**3 + 2*n**2 + 4. Let b be u(2). What is the highest common factor of b and 54?
18
Suppose x + 14 - 41 = 0. Let v be (-156)/(-2) - (-3 + 2). Suppose v + 11 = 5*l. What is the greatest common factor of x and l?
9
Suppose 9 = 3*p, 0*p - 4*p - 18 = -2*b. Let g be (0 - b)/(-3) - 1. Let w = g - -3. Calculate the greatest common divisor of 56 and w.
7
Suppose -2*k = g - 187, -2*k + 5*g - 183 = -4*k. What is the highest common divisor of k and 235?
47
Suppose -t - 35 = -2*u, u - 4*t = -0*t. What is the highest common divisor of 30 and u?
10
Let g = -148 - -229. Suppose 0 = -k + 2*m - 7*m, -5*k + 2*m = -g. What is the greatest common divisor of 75 and k?
15
Suppose -2*q + 1104 = 2*q. Suppose -5*j - 4*u = -109 + 463, q = -4*j - 5*u. Let x = j + 104. Calculate the highest common divisor of 20 and x.
10
Let s be ((-96)/(-15))/(-4)*-50. Calculate the highest common factor of s and 16.
16
Suppose -5*f = -f + 3*p + 14, -5*p = f - 5. Let t be f + 2 + 10/2. Calculate the greatest common factor of 8 and t.
2
Suppose -4*t + 22 = 5*o, 3*o = t - 0 + 3. What is the greatest common factor of o and 4?
2
Let c = -93 - -122. What is the highest common divisor of 261 and c?
29
Suppose -2*n - i + 30 = 95, -i = -5*n - 173. Let b be (n/3)/((-4)/6). Calculate the greatest common divisor of b and 17.
17
Let u(l) = -l**2 - 8*l + 12. Let j be u(-9). Let w be 0/j + (-1 - -1). Suppose w*t + 12 = t. What is the highest common divisor of t and 3?
3
Suppose 87 = i - 32. Calculate the highest common divisor of i and 34.
17
Let t be 2/2*152 - -4. What is the highest common factor of t and 39?
39
Let g(c) = c - 3. Let n be g(0). Let q be -103 + (n - -2) + 3. Let d = -46 - q. Calculate the greatest common divisor of d and 11.
11
Let t = 35 + -49. Let d = -8 - t. Calculate the greatest common factor of 66 and d.
6
Suppose 0 = -3*a + 5*a. Let d = a + 3. Calculate the highest common factor of 27 and d.
3
Let g be 4/6*90/20. What is the highest common factor of 27 and g?
3
Let i(b) = 2*b + 10. Let r be i(-5). Let t = 42 + -17. Suppose -x + r*x + 5*g = -129, 0 = -5*g + t. What is the highest common divisor of 14 and x?
14
Suppose 3*q - 23 = 4*w, 2*w + 21 = -4*q - 3*w. Suppose -6 = -o - q. Suppose -o*r + 81 = -169. Calculate the greatest common divisor of r and 10.
10
Let y = 42 - 24. What is the greatest common divisor of 18 and y?
18
Let p(b) = -6 + 0 + 0*b - b - 1. Let n be p(-3). Let k be (-25)/(-9) + n/(-18). What is the greatest common factor of k and 15?
3
Let v = -14 + 11. Let u be (v + 23)*1 - 2. What is the greatest common divisor of u and 12?
6
Let w(q) = q**3 + 7*q**2 + 3*q + 4. Let x be w(-6). Let d(n) = n**2 - 3*n - 7. Let r be d(-3). What is the greatest common divisor of r and x?
11
Let l = 208 - 82. Let i be 2/4 + 70/4. What is the greatest common factor of i and l?
18
Let w be 3 + 4*9 + 1. What is the highest common factor of 8 and w?
8
Suppose 28 = 2*j - 32. Calculate the highest common divisor of 45 and j.
15
Suppose 6*k = 12 - 0. Let a(l) = -l**2 + 7*l - 6. Let q be a(5). What is the greatest common factor of k and q?
2
Suppose 9 = -t - 1. Let o = 10 - t. What is the greatest common factor of o and 5?
5
Suppose -5*s = -x + 64, -5*x - 2*s - 100 + 420 = 0. What is the greatest common factor of 8 and x?
8
Let l(d) = 47*d - 8. Let z be l(4). Calculate the greatest common divisor of 20 and z.
20
Let s be 8*1 + (-8 - -7). Let t = -40 - -89. Calculate the highest common factor of s and t.
7
Suppose -4*z - 5*l + 33 = -8*l, -3*z + 32 = 5*l. Let x = 91 - 19. What is the greatest common divisor of z and x?
9
Let j = 4 - 3. Let m = 1 + j. Let n(x) = -7*x**3 + x**2 - x - 1. Let v be n(-1). What is the greatest common divisor of v and m?
2
Let r(y) = y**3 + 4*y**2 - 3*y - 5. Let m be r(-5). Let p = 26 + -40. Let z be p/3*m/2. What is the greatest common factor of 7 and z?
7
Suppose -47 - 35 = -2*y. Calculate the highest common divisor of y and 410.
41
Suppose -3*z + 17 + 13 = 0. Let b(t) = 9*t + 3. Let h be (3 + 0)*(6 - 5). Let i be b(h). Calculate the highest common factor of i and z.
10
Suppose l = 4*r - 6, 7*l = 5*l + 5*r - 6. Suppose s + 4 = t, -5*t - 6 + 32 = -l*s. Calculate the greatest common divisor of t and 18.
6
Let a be (-1)/2*(-29 + -3). Let n be (51 + -3)*(-2)/(-4). Calculate the greatest common divisor of n and a.
8
Let g(t) = -22*t**3 + 2*t**2 + 3*t + 2. Let w be -1 - (2 + -2 + 1). Let s be g(w). Calculate the highest common factor of s and 20.
20
Let h(b) = -b**3 + 8*b**2 - 5*b - 12. Let g be h(6). What is the greatest common factor of 15 and g?
15
Let h(b) be the third derivative of b**4/4 + b**3/3 - 7*b**2. Let j be h(9). Let f be ((-4)/2)/(1/(-4)). Calculate the greatest common divisor of j and f.
8
Let r be 1144/36 - 4/(-18). Let q(m) = -m**3 + m**2 + m + 1. Let i be q(0). Suppose -p - 5*g = 11, -i = g + 2. Calculate the greatest common factor of r and p.
4
Suppose 6*i - 9*i + 15 = 0. Suppose 72 = i*r + 17. What is the greatest common factor of 1 and r?
1
Let s be 5 + (-1 - -2) - 3. Suppose -27 = -6*g + s*g. Calculate the highest common factor of g and 18.
9
Let u = -26 + 36. Suppose 3*o - 17 = -4*n, -5*n + 3*o - 2 = -o. Calculate the greatest common divisor of u and n.
2
Let c(x) = x**3 - 2*x**2 + 5*x - 2. Let y be c(4). Calculate the highest common divisor of y and 75.
25
Let y(z) = -z - 9. Let l be y(0). Let w(x) = -x**2 - 11*x + 6. Let i be w(l). Calculate the greatest common factor of 60 and i.
12
Let l be 4/(-2 + (-3)/(-1)). Suppose -l*v + 0*v + 44 = 0. Calculate the greatest common factor of 33 and v.
11
Suppose 31*g - 28*g = 180. Calculate the highest common divisor of g and 150.
30
Suppose o = 3*o - 8. What is the greatest common factor of o and 1?
1
Suppose 4*h = 158 - 2. Let z(d) = -d + 12. Let y be z(12). Suppose y*g = -g + 13. Calculate the greatest common divisor of g and h.
13
Let m(k) = 20*k**3 - 2*k**2 + k - 4. Let y be m(2). What is the greatest common divisor of 60 and y?
30
Let f be ((-8)/(-10))/((-22)/(-220)). Let z be 1 + 1 + (-2 - -1). What is the greatest common divisor of z and f?
1
Let q be ((3 - 6) + 7)/((-2)/(-4)). Calculate the greatest common divisor of 4 and q.
4
Let f(g) = g**3 + g**2 + g + 209. Let u be f(0). What is the greatest common factor of u and 19?
19
Suppose 3*w - 36 = 12. Suppose 4*j = -0*j - 16, 0 = -4*c + j + w. Suppose q + 33 = 2*q. Calculate the greatest common factor of c and q.
3
Let q(m) = -m**2 - 6*m + 3. Let k be q(-5). Suppose -4*p + 160 = 3*f, f + p - 66 = 6*p. Calculate the greatest common factor of f and k.
8
Let g = 241 - 107. Suppose t - g = 13. Calculate the greatest common factor of t and 21.
21
Let f be 5 + 0/3*1. Suppose -v - 16 = -f*v. Calculate the greatest common factor of v and 16.
4
Let n = 6 - 3. Suppose -n*s + 2*s - 5*i + 19 = 0, -5*s + 191 = i. Suppose s - 12 = w. What is the highest common factor of w and 18?
9
Let w = -9 + 15. Let a be (-13)/(-39) - (-22)/w. What is the greatest common factor of a and 1?
1
Let l(q) = 2*q**2 + 2*q - 5. Let p be l(-4). What is the greatest common divisor of p and 133?
19
Let w = -265 + 45. Let h = -155 - w. Calculate the greatest common factor of h and 26.
13
Let d = 9 + -4. Suppose d*l = 16 + 94. What is the highest common factor of 11 and l?
11
Let j be (-2)/(-6) - 13/3. Let u be (-99)/(-6)*j/(-6).